 -24, 44 - 75 = 5*w + 4*u. Let a(z) = -z**3 - 5*z**2 + 16*z + 18. Calculate a(w).
4
Let z = -7 - -4. Let t = -15 + 18. Let p(u) = -2*u**3 + 3*u**2 + 3*u + 1. Let h(w) = -3*w**3 + 6*w**2 + 5*w + 3. Let f(q) = t*h(q) - 5*p(q). Determine f(z).
4
Let a(b) = -4*b - 10. Let o be a(-3). Suppose 10 = -2*l - o. Let u(m) = m**3 + 7*m**2 + 6*m - 8. What is u(l)?
-8
Let n(s) = s**2 + 7*s + 4. Let r be n(-7). Let d be (3/(12/r))/(-1). Let i(u) = -20*u**2. What is i(d)?
-20
Let l = -26 - -38. Let b(r) = l*r - 7*r - 3 - 4*r. What is b(6)?
3
Let q(a) = -10 + 35 - 13 - 11 + 4*a. Let p be (-1)/3 + (-21)/(-9). Give q(p).
9
Suppose -3*o + 163 = 151. Let w(a) = 6*a**2 - o - 4 - 6*a**3 + 3 + a + 7*a**3. What is w(-6)?
-11
Let z(l) = -3*l + 1. Suppose 3*m - m = 70. Suppose m = -5*t + 45. Give z(t).
-5
Let c(q) = -q**3 + 8*q**2 - 2*q + 22. Let v be c(8). Let s(j) be the second derivative of j**5/20 - 7*j**4/12 + j**3 + 7*j**2/2 + 6*j. What is s(v)?
7
Let i(t) = t**2 - 7*t - 1. Suppose -5*d - 214 = -44. Let u = d + 42. Determine i(u).
7
Let y(x) = -4*x + 3*x + 8924 - 4462 - 4467. Give y(6).
-11
Let f(c) = 2 + 0 + 4 + c - 8 + 9. Calculate f(-13).
-6
Let p(r) = -11*r - 14. Suppose 4*t - 3 = -11. Let z(w) = 2. Let b(j) = t*p(j) - 14*z(j). Calculate b(-1).
-22
Let p(t) = t**2 - 2*t + 4. Suppose 0 = -3*f - f + 44. Let k = f + 2. Let y = k + -10. Calculate p(y).
7
Let l = 8 - 6. Let s(b) = 5*b**2 - 2*b**3 + l + b**3 + 0*b**3 - 3*b. Let a = 12 + -8. Give s(a).
6
Let k(d) = -d**2 - 4*d + 1. Let w be k(-5). Let h(p) = -2428330 + 2428325 + 2*p - 5*p. Calculate h(w).
7
Let y(q) = -q**2 - 5*q - 2. Let j(f) = -f**2 - 6*f - 2. Let a(v) = 4*j(v) - 5*y(v). Let u be (-7 - -5)*(-2 - (-4 - -3)). Give a(u).
8
Let q = 102 - 92. Suppose 2*b - 3*b = 9. Let i = q + b. Let p(y) = 2*y**2. What is p(i)?
2
Let k(p) = -3 - p**2 - p**2 - 13*p**3 + 4*p**2 + 14*p**3 - 4*p - 4*p**2. Calculate k(-3).
-36
Let v(d) = 5*d + 240. Let i be v(-48). Let a(k) = k + 12. What is a(i)?
12
Let x(o) be the third derivative of o**5/60 + 7*o**4/24 + 7*o**3/6 - 3*o**2. Suppose -p = -6*p + 60. Let q = 6 - p. Determine x(q).
1
Let c(g) = -g**2 + 17*g - 11. Let p be c(15). Suppose 4*i = -i + l - 1, 0 = 3*i + 4*l + p. Let w(m) = 14*m**2 + m + 1. Calculate w(i).
14
Let d = 69 - 67. Let c(u) = 9*u - u**2 - 4 - d - 3*u + 1. Give c(6).
-5
Let o(w) = -w - 8. Let v(b) = b + 8. Let f(i) = 4*o(i) + 3*v(i). Suppose -7 = 190*r - 189*r. Calculate f(r).
-1
Let j(v) = 11*v**2 - 8*v + 5. Let u(b) = -3*b**2 + b + 2. Let t(l) = -j(l) - 4*u(l). What is t(-7)?
8
Let v(u) be the third derivative of -u**7/5040 + u**6/80 + 17*u**5/60 + 5*u**2. Let i(z) be the third derivative of v(z). What is i(0)?
9
Let t(o) = o**3 + 45*o**2 + 1 - 6 - 60*o**2. What is t(15)?
-5
Let l(d) = 3*d + 1. Let c be -9*(87/(-27) - -3). Let s be 10/15 + c/(-3)*7. What is l(s)?
-11
Let c(i) = i**2 - 7. Let v be c(4). Suppose v*g = 7*g + 4. Let o(w) = -5*w + 3*w**2 - 3*w**3 + 17*w - 1 - 14*w + g. What is o(2)?
-15
Let s(x) be the second derivative of x**5/20 - x**4/4 - x**3/2 + 5*x**2/2 + 33*x - 2. Give s(4).
9
Suppose 0*r - 4*r + 8 = 0. Let s(z) = -3*z + 3*z - 3*z + 2*z + 1 - z**2. What is s(r)?
-5
Let p(a) = a**2 - a + 4. Let z be p(0). Let w = 1 - z. Let b(x) = 2*x. Determine b(w).
-6
Suppose -3*y - 4*j + 31 = 0, y - 14 = -4*j - j. Let h(c) = -y*c**3 - 1 - c**2 - 3*c**2 + 3*c**2 + 6*c - 8*c. Let b be (-1 - -2)/(2 - 3). Give h(b).
9
Suppose 4*t + 5*q - 27 = 0, 0*t = 2*t - 2*q. Let x(y) = -4 - y**2 + t + 5 - y. Calculate x(-5).
-16
Let j be (2/(-8))/(-7 - 498/(-72)). Let r(k) be the third derivative of -1/2*k**j + 2*k**2 + 0*k + 7/24*k**4 + 1/60*k**5 + 0. What is r(-7)?
-3
Suppose -4*n + 26 - 2 = 0. Let x(a) be the second derivative of 1/2*a**2 + 1/6*a**3 - 2*a + 0. Calculate x(n).
7
Suppose -2*h - 21 - 33 = -4*o, -5*h = 2*o - 33. Suppose -4*m - o = -2*m + 3*r, 0 = -4*m - 4*r - 20. Let n(j) = -19*j - 1. What is n(m)?
18
Let u(f) = -2*f**2 + 5*f + 2. Let l(s) = 4*s**2 - 10*s - 4. Let v(t) = 2*l(t) + 5*u(t). Let r(c) = -c - 10. Let g be r(-14). Calculate v(g).
-10
Suppose 5*w - 2*h = 2*h - 26, 0 = -5*h - 5. Let u(l) = l**3 + 5*l**2 - 6*l + 2. Let r be u(w). Let x(q) = -8*q - 3 + 12*q - 10*q - r*q**2. Determine x(-4).
-11
Let y(t) be the first derivative of -2*t**2 + 3*t + 39 - 3/4*t**4 + 1/3*t**3. Calculate y(2).
-25
Let u(v) = -v**2 + 6*v + 5. Let s be u(4). Let z be 0 + -4*6/(-4). Let h(l) = z - s + 6 - l. What is h(-3)?
2
Let a(l) = 3 + 2054*l - 5 - 2061*l. What is a(8)?
-58
Let a(g) = 7*g - 1. Let t(m) = -8*m + 1. Let x = 15 + -10. Let p(c) = x*t(c) + 6*a(c). What is p(-1)?
-3
Let i(b) be the second derivative of -b**3/3 - 3*b**2 - 9*b + 14. Let q(z) = z + 2. Let w be q(-8). Calculate i(w).
6
Let q(x) be the first derivative of -x**4/2 + 2*x**3/3 + 92. What is q(-2)?
24
Suppose -2*c - 4 = 3*h, -3 = 4*c + 4*h + 1. Let b(l) = -l - 7. Let d(q) = q - 1. Let k(x) = c*b(x) - 5*d(x). Calculate k(-2).
10
Let o be ((-1)/(-10))/(20/(-40))*5. Let j(l) = l**3 + l**2 - l. What is j(o)?
1
Let q(i) = i**3. Let y be 0/(-1 + (-12)/(-4)). Give q(y).
0
Let c(z) be the first derivative of z**4/4 - 11*z**3/3 + 15*z**2/2 - 11*z + 382. Give c(10).
39
Let u(q) = -5*q**2 + 0*q**2 + 2 + 4*q**2. Suppose -3 = z - 13. Suppose -5*w - 2*m = 25, -3 = -4*w + m - z. Calculate u(w).
-7
Let j(u) = 0*u - u**3 + 634 + 11*u**2 + 636 - 1913 + 3*u + 633. What is j(11)?
23
Let j(m) = -m**3 - 5*m**2 + 4*m - 2. Let f be j(-5). Let v = f - -15. Let x(p) = -p**2 - 8*p. Calculate x(v).
7
Let a(r) = -r**3 + r**2 - r - 1. Let g(p) = 2*p**3 - 7*p**2 - 7*p + 7. Let x(q) = -a(q) - g(q). Suppose 2*d = -5*m + 39, 0 = -3*m + 2 + 13. What is x(d)?
1
Let b(k) = 3*k**2 + 3*k - 1. Let h = 60 + -63. What is b(h)?
17
Let z(p) = -10*p**3 - 5*p + 4. Let r(w) = -3*w**3 - w**2 - w + 1. Let j(x) = 2*r(x) - z(x). What is j(1)?
3
Let i(a) be the second derivative of 5*a - 1/6*a**4 + 3*a**2 + 0 + 1/6*a**3 + 1/120*a**6 + 1/15*a**5. Let u(z) be the first derivative of i(z). Calculate u(-5).
-4
Let s(i) be the third derivative of -11*i**4/24 + i**3/6 + 2*i**2. Suppose -13*c + 2*c = 11. What is s(c)?
12
Let w be 19/6 + 3/(-1). Let h(f) be the second derivative of -6*f + 0 + w*f**3 - 2*f**2. Determine h(6).
2
Suppose 3 = -a + 4*a. Let s be (-3)/(-9)*7*21. Let i(t) = 35*t + a - 1 - s*t. Determine i(-1).
14
Suppose -32*f = -28*f + 28. Let l(s) = -s**3 - 7*s**2 + 2*s. What is l(f)?
-14
Suppose -5*z = 9*o - 6*o + 298, 4 = -2*z. Let w = o - -102. Let s(y) be the third derivative of y**5/60 - y**4/4 + y**3/2 + y**2. Determine s(w).
3
Let z(h) = 15 - 4 + 2*h - 3*h. Suppose 3*g - 11 = -y + 7, -4 = -g. Let f be (5/y)/((-1)/(-6)). Calculate z(f).
6
Let g(l) = 2*l + 8. Let f be 24*((-164)/(-72) - 2/(-9)). Suppose -30*t - f = -20*t. Give g(t).
-4
Let q = -130 + 136. Let a(y) be the first derivative of -3 - 9*y - 1/3*y**3 + 4*y**2. Give a(q).
3
Let f(p) = 2*p**2 + 3*p. Suppose 2*v - 2*g = 3 - 15, 10 = -5*v - 5*g. Let j(m) = -m**2 - 2*m + 5. Let n be j(v). Calculate f(n).
9
Let r be 5 - -139 - -3 - 4. Let x be 1*(-2)/4 - r/26. Let m(d) = -d**3 - 6*d**2 - 2*d + 5. Give m(x).
17
Suppose 10 = 4*b - 14. Let l(f) = 1 + 3*f - 2 - 7*f + b*f + f**2. Let d be (-2)/(-1) - (2 - 1). Determine l(d).
2
Let u(q) = -q + 2. Let v(b) = b - 1. Suppose 2*c + 3*i = 21, -5*i + 34 = 9. Let j(f) = c*u(f) + 5*v(f). Determine j(-3).
-5
Let n(i) = -i - 9. Let w be n(-16). Let q(o) = -2*o + w - 1 - 1 - 4. Give q(-1).
3
Suppose 1 = -s + 2*c - 5, -5*s = c - 14. Let p be 8 + 2 - s/1. Suppose -p = 4*h + 12. Let x(k) = k + 5. What is x(h)?
0
Let g(x) = -x - 1. Let d be (5/(-6)*2)/(2/6). Let r(j) = 8*j + 6. Let c(o) = d*r(o) - 30*g(o). Let w be (1 - 0) + 0 - 0. Give c(w).
-10
Let d(u) = -14*u**2 - 27*u - 15. Let s(p) = -5*p**2 - 9*p - 5. Let q(a) = -4*d(a) + 11*s(a). Determine q(-9).
5
Let w(v) = -71*v**3 + 9 - v**2 + 25*v**3 + 18*v**3 + 27*v**3 - v + 11*v**2. What is w(10)?
-1
Let u(t) = -2*t**3 - 9*t**2 - 2*t + 3. Let y(l) = l**3 + 9*l**2 + 9*l + 4. Let b be y(-8). Let x be u(b). Let k(q) = q**3 + 4*q**2 - 6*q - 7. Give k(x).
-2
Let a(u) be the second derivative of -u**4/12 + u**3/2 + 5*u**2/2 - 4*u. Let h(n) = 2*n**3 - 54*n**2 - n + 33. Let l be h(27). What is a(l)?
-13
Let x(b) = -b**3 - 3*b**2 - 3*b. Let z be x(-3). Suppose 4*w - 7*w - z = 0. Let u(f) = f**3 + 3*f**2 + 2 + 0 +